13*p - g. What are the prime factors of p?
3, 7, 11
Suppose w = -w. Suppose 2 = j - w. List the prime factors of 2 - (-36 + j) - 3.
3, 11
Let u = 0 - 3. Let i be 10/(4 + 1 + u). Suppose 144 = i*v + 39. What are the prime factors of v?
3, 7
Suppose -1422 - 1889 = -11*g. What are the prime factors of g?
7, 43
Suppose 0 = -x + 22 - 6. Let u be (-148)/x - (-3)/12. List the prime factors of (-547)/u - (-10)/45.
61
Suppose -501*u + 490*u = -19261. What are the prime factors of u?
17, 103
Let h = 4424 + -2721. What are the prime factors of h?
13, 131
Let p(b) = -b**2 - 15*b - 6. Let f be p(-9). Suppose -12 - 126 = -2*w. Let g = w - f. List the prime factors of g.
3, 7
Suppose -26*m = 721 - 22899. What are the prime factors of m?
853
Suppose 32 = -5*w + w. Let x(j) = -7*j - 16. What are the prime factors of x(w)?
2, 5
Let q(a) = 3739*a**3 + 3*a**2 - 2*a. Let c be q(1). What are the prime factors of (-4)/(-30) - c/(-75)?
2, 5
Let f(r) = 3*r - 9. Suppose n - 3 = -q, -3*n + n + 2 = 0. Suppose -q*z - 1 = -23. What are the prime factors of f(z)?
2, 3
Suppose 12 = 7*a - 4*a. Suppose -5*n = -a*q - 217, n + 4*n - 3*q - 219 = 0. What are the prime factors of n?
3, 5
Suppose 2*p + 3*w - 3952 = 0, 95*w - 93*w + 7888 = 4*p. What are the prime factors of p?
1973
Let j be (-2)/(-3)*-3 + 17. Suppose -234 = 15*h + 3*h. Let m = h + j. What are the prime factors of m?
2
Let d(r) = 2*r**2 - r - 1. Let n be d(0). Let p(y) be the second derivative of -33*y**5/20 + y**4/4 + y**3/3 - 4*y. List the prime factors of p(n).
2, 17
Let b be ((-465)/(-4))/((-1)/4). Let x = b - -1009. Suppose -p + 9*p = x. What are the prime factors of p?
2, 17
Suppose k - c = 3232, 11*c + 12927 = 4*k + 6*c. What are the prime factors of k?
53, 61
Suppose -2*i - 178 = -3954. List the prime factors of i.
2, 59
Let m(k) be the first derivative of 7*k**4/24 - 2*k**3 - 2*k**2 + 2. Let h(w) be the second derivative of m(w). What are the prime factors of h(8)?
2, 11
Suppose 358 = -5*v + 2*c + 1458, -c = 0. What are the prime factors of v?
2, 5, 11
Let g(j) be the first derivative of -j**2 + 1. Suppose -2*s - 13 = -5. List the prime factors of g(s).
2
Let x = 639 + -129. What are the prime factors of x?
2, 3, 5, 17
Let a be 73*(0/(-1) - -1). Let m = a - 132. Let r = -15 - m. What are the prime factors of r?
2, 11
Let r = -374 + 709. Suppose 6*u - u - r = 0. Suppose -3*h + 4*x + u = 0, x = -2*h + 3*x + 42. What are the prime factors of h?
17
Let j(a) = -a + 23. Let p be j(19). Suppose -k + 2*u + 598 = 2*k, p*k + u = 801. List the prime factors of k.
2, 5
Let f(z) = z. Let h(o) = -2*o - 5. Let q(w) = -f(w) + h(w). Let r be -5 + (1 - (-1 - -1)). What are the prime factors of q(r)?
7
Let p(s) = -s - 28. Let c be p(-10). Let h = c + 195. What are the prime factors of h?
3, 59
Suppose 17485 = -6*f + 19*f. List the prime factors of f.
5, 269
Suppose -5*i = 3*d - 91, -4*i + 2*d + 76 = 6*d. Suppose -i + 113 = 2*j. What are the prime factors of j?
2, 3
Let c(b) = 56*b**2 - 14*b + 70. List the prime factors of c(4).
2, 5, 7, 13
Let o(z) = 11*z**2 + 4*z - 3. Let s be o(2). Suppose -2*n + 2*t = -10, -3*n + 16 + 7 = t. Suppose 3*w + 2 = -n, y - s = w. What are the prime factors of y?
2, 23
Let k(i) = 7*i**2 - 5*i + 15. What are the prime factors of k(-7)?
3, 131
Let o(w) = 15*w + 2. Let p(y) = 14*y + 2. Let f(h) = -4*o(h) + 5*p(h). List the prime factors of f(8).
2, 41
Let r(k) = 5*k**3 + 11*k**2 - 10*k - 12. List the prime factors of r(7).
2, 3, 181
List the prime factors of 165/(-220) - (-20625)/12.
2, 859
Suppose 0 = -28*n - 6920 + 38672. What are the prime factors of n?
2, 3, 7
Let v be (-2 - -1) + 810/10. List the prime factors of 1406/16 + 10/v.
2, 11
Suppose -7*x = -11 - 3. Suppose u = -x*f + 20, u + 5 = 5*f - 10. What are the prime factors of u?
2, 5
Suppose 6*p + 4*l - 468 = 2*p, 3*l - 234 = -2*p. List the prime factors of p.
3, 13
Let r = 9 - 8. Let t be (r - (-8)/(-4)) + 41. Suppose t = 2*m - 10. What are the prime factors of m?
5
Let m = -44 + 49. Suppose -803 = -14*x + 9*x - l, 2*x = -m*l + 312. What are the prime factors of x?
7, 23
Let p be 14/4 + -2*(-3)/12. Suppose -5*l + 146 = z - 0*l, 0 = 3*z + p*l - 383. List the prime factors of z.
11
Suppose -19*d + 22*d - 237 = 0. Let t(n) = -4*n**2 - 3. Let r be t(3). Let w = r + d. What are the prime factors of w?
2, 5
Suppose 11*c + 4588 = 3*o + 16*c, -2*o - 11*c + 3028 = 0. What are the prime factors of o?
2, 3
Let c be 4 - 3/(6/4). Let w be c + (2 - 5) - 13. Let q = w - -33. List the prime factors of q.
19
Suppose -4*z - 3*x = -1633, 5*z - 5*x - 2255 + 170 = 0. List the prime factors of z.
2, 103
Let p(r) = -10*r - 101. Let k(y) = 3*y + 32 + 8 - 6. Let f(s) = 7*k(s) + 2*p(s). What are the prime factors of f(0)?
2, 3
Suppose h - 5*h + 12 = 0. Suppose -478 = -4*t + 50. Suppose h*g - 22 = 3*a + 50, 0 = 5*g + a - t. List the prime factors of g.
2, 13
Let n(j) = 2*j**3 + j - 2. Let m be n(2). Suppose -k + 130 = 30. Suppose 0 = -4*o - m, -f = -5*f - 5*o + k. What are the prime factors of f?
2, 3, 5
Suppose 4*w = -3*u + 6466, 4 = -4*w + 8. List the prime factors of u.
2, 3, 359
Let j be (8 - 227)/(0 - 1). Suppose -7*w + 180 + j = 0. List the prime factors of w.
3, 19
Let g be 2/6 - 456/(-36). Let n = 15 - g. Suppose n*r - 76 = -2*r. List the prime factors of r.
19
Let a = 16 + -11. Suppose -4*d + 134 = -i, 166 = a*d + 2*i - 4*i. List the prime factors of d.
2, 17
Suppose 7857 - 1153 = 16*f. What are the prime factors of f?
419
Let h(d) = -4*d - 8. Let f be h(-3). Suppose -f*b = 97 - 5. Let m = b + 100. List the prime factors of m.
7, 11
Let q(y) = -y**2 + 14*y + 5. Let r be q(14). Suppose 5 = 5*p - 10, 2*u + r*p = 37. What are the prime factors of u?
11
Let f(b) = -67*b + 31. What are the prime factors of f(-2)?
3, 5, 11
What are the prime factors of (-404)/8*-8 + (-8 - -3)?
3, 7, 19
Let n(d) = d**3 - 24*d**2 + 31*d - 48. What are the prime factors of n(24)?
2, 3, 29
Suppose -6*k + 3*k + 9 = 0. Suppose m + k*m - 88 = 0. Let i = 29 - m. What are the prime factors of i?
7
Let i be 0/(6/(-9)*3). Suppose i = -2*p - 5*p + 91. List the prime factors of p.
13
Let p(k) = k**3 + 9*k**2 - 12*k - 14. What are the prime factors of p(-7)?
2, 3, 7
Let z(c) = c**3 + 8*c**2 + 3*c. Let o be -15*(-4 + (-39)/(-9)). What are the prime factors of z(o)?
2, 3, 5
List the prime factors of (-14)/(-12)*3*152/7.
2, 19
Let n(y) = y**3 - 5*y**2 + y - 7. Let v be n(13). Suppose -10*u = -3*u - v. What are the prime factors of u?
2, 97
Let p(v) = v**3 - 6*v**2 + 5*v + 2. Let n be p(3). What are the prime factors of (-588)/70*n/2?
2, 3, 7
Let r = 25 + -23. Suppose -54 = -r*f + 5*p, -181 = -7*f + 2*f + p. List the prime factors of f.
37
Let g be 12/10 + (-5)/25. Let k be (g - -2)/(-3) + 10. Suppose -k - 51 = -2*i. What are the prime factors of i?
2, 3, 5
Suppose 2*q + 0*q - 23 = -5*a, 3*a - 16 = q. Suppose -3*b + 5*r = -0*b - 19, -a*r = 2*b - 21. Suppose -5*x = -b*x + 195. What are the prime factors of x?
5, 13
Let o(r) = -2*r**2 - 2*r + 10. Let x be o(6). Let w = x - -226. What are the prime factors of w?
2, 19
Let y(l) be the second derivative of -11*l**3/6 - 16*l**2 - l. What are the prime factors of y(-6)?
2, 17
Let d = -12 - 0. What are the prime factors of 4/16 - 993/d?
83
Let a(t) = 2*t**2 - 7*t + 9. What are the prime factors of a(4)?
13
Suppose -5*n = 36 - 1. Let y be -1 - 35 - (-10 - n). Let m = 93 + y. What are the prime factors of m?
2, 3, 5
What are the prime factors of (-17)/(-2)*26 - 0?
13, 17
Let v(u) = 1071*u**2 + 6*u - 23. What are the prime factors of v(2)?
4273
Let c = 21 + -19. Suppose -248 + 78 = -c*n. What are the prime factors of n?
5, 17
Suppose 14*z + 1108 = 18*z. What are the prime factors of z?
277
Suppose -7*p = -4*p + 9. List the prime factors of (p/2)/(6/(-452)).
113
Let q(b) = -14*b + 1235. List the prime factors of q(0).
5, 13, 19
Suppose 6 - 93 = -o. Suppose -2*p + o = 5*w + 2*p, 4*w = -4*p + 72. List the prime factors of w - (2 + -3)/1.
2
Let l(t) = 42*t + 42*t - 93*t + 13*t**2 - t**3 - 15. Suppose 2*h - 36 = -h. What are the prime factors of l(h)?
3, 7
Let n = 11 + -42. Let p = n - -81. What are the prime factors of p?
2, 5
Let p = -22 - -28. Let f(m) = m**2 - 5*m - 4. Let z be f(p). Suppose -6*x + 56 = -z*x. List the prime factors of x.
2, 7
Let q be -4 + (